ainder when 44825 is divided by 2789?
201
What is the remainder when 454036 is divided by 151335?
31
Calculate the remainder when 1279693 is divided by 639832.
29
Calculate the remainder when 4176822 is divided by 835364.
2
Calculate the remainder when 526210 is divided by 263026.
158
What is the remainder when 86460 is divided by 21015?
2400
What is the remainder when 321743 is divided by 10706?
563
What is the remainder when 230797 is divided by 1786?
403
Calculate the remainder when 95954 is divided by 11978.
130
What is the remainder when 1223108905 is divided by 31?
30
What is the remainder when 70341 is divided by 1189?
190
What is the remainder when 146756898 is divided by 705562?
2
What is the remainder when 167270 is divided by 33451?
15
Calculate the remainder when 10083 is divided by 10071.
12
Calculate the remainder when 5716386 is divided by 1370.
746
Calculate the remainder when 831 is divided by 136.
15
What is the remainder when 81417 is divided by 248?
73
Calculate the remainder when 2337881 is divided by 131.
55
What is the remainder when 5636927 is divided by 267?
23
Calculate the remainder when 2216129 is divided by 201465.
14
Calculate the remainder when 1835323 is divided by 632.
627
Calculate the remainder when 2784860 is divided by 547.
83
Calculate the remainder when 29021304 is divided by 475758.
66
Calculate the remainder when 146424560 is divided by 2964.
2960
Calculate the remainder when 4030439 is divided by 87618.
11
What is the remainder when 3480250 is divided by 386688?
58
What is the remainder when 5233786 is divided by 264?
250
Calculate the remainder when 144832005 is divided by 25.
5
What is the remainder when 69976 is divided by 34578?
820
Calculate the remainder when 2972065 is divided by 1326.
499
What is the remainder when 36302990 is divided by 48860?
10
What is the remainder when 259809 is divided by 2787?
618
What is the remainder when 37378896 is divided by 1495154?
46
Calculate the remainder when 36471707 is divided by 39.
38
Calculate the remainder when 123625 is divided by 30864.
169
Calculate the remainder when 106212535 is divided by 2004010.
5
Calculate the remainder when 4789560 is divided by 453.
444
Calculate the remainder when 1738519 is divided by 351.
16
What is the remainder when 63454 is divided by 12555?
679
What is the remainder when 21618034 is divided by 1116?
1114
What is the remainder when 232081 is divided by 114411?
3259
What is the remainder when 21376 is divided by 250?
126
What is the remainder when 20415 is divided by 464?
463
What is the remainder when 933212 is divided by 85?
82
Calculate the remainder when 21029869 is divided by 8286.
1
Calculate the remainder when 743309 is divided by 49552.
29
What is the remainder when 94038 is divided by 46693?
652
Calculate the remainder when 12664238 is divided by 2532821.
133
Calculate the remainder when 11980648 is divided by 58.
52
What is the remainder when 82971266 is divided by 270?
266
What is the remainder when 15137220 is divided by 12562?
10
What is the remainder when 3456840 is divided by 1152186?
282
What is the remainder when 15587 is divided by 298?
91
What is the remainder when 343232 is divided by 7830?
6542
What is the remainder when 5549574 is divided by 24?
6
Calculate the remainder when 106590 is divided by 3166.
2112
What is the remainder when 23678746 is divided by 950?
946
Calculate the remainder when 129743 is divided by 352.
207
What is the remainder when 48715 is divided by 775?
665
Calculate the remainder when 45365781 is divided by 80.
21
What is the remainder when 168375 is divided by 24053?
4
Calculate the remainder when 186745915 is divided by 14.
13
What is the remainder when 56869 is divided by 347?
308
What is the remainder when 30538 is divided by 5621?
2433
What is the remainder when 122422 is divided by 40800?
22
Calculate the remainder when 14081203 is divided by 107.
3
What is the remainder when 731064219 is divided by 59?
57
Calculate the remainder when 122053222 is divided by 117.
109
Calculate the remainder when 3016706 is divided by 335189.
5
What is the remainder when 74654 is divided by 5024?
4318
Calculate the remainder when 84199 is divided by 8358.
619
Calculate the remainder when 35573528 is divided by 1370.
108
Calculate the remainder when 117429 is divided by 12643.
3642
Calculate the remainder when 2408878 is divided by 1681.
5
What is the remainder when 1217199 is divided by 7655?
54
What is the remainder when 7115958 is divided by 64?
54
What is the remainder when 565701 is divided by 282847?
7
Calculate the remainder when 2492 is divided by 77.
28
Calculate the remainder when 594132767 is divided by 2962.
2959
Calculate the remainder when 1735677 is divided by 2091.
147
What is the remainder when 29679 is divided by 3246?
465
What is the remainder when 7548147 is divided by 328179?
30
Calculate the remainder when 21782 is divided by 10523.
736
Calculate the remainder when 1181559 is divided by 7824.
135
What is the remainder when 553556 is divided by 853?
812
What is the remainder when 9757637 is divided by 164?
129
Calculate the remainder when 1671531 is divided by 128532.
615
What is the remainder when 245251 is divided by 3175?
776
Calculate the remainder when 11936037 is divided by 763.
428
What is the remainder when 3374727 is divided by 241?
4
Calculate the remainder when 108500404 is divided by 17.
12
What is the remainder when 3483879 is divided by 1825?
1779
Calculate the remainder when 69425 is divided by 584.
513
Calculate the remainder when 747055 is divided by 124506.
19
Calculate the remainder when 39484 is divided by 18341.
2802
Calculate the remainder when 1570230 is divided by 3406.
64
Calculate the remainder when 15842 is divided by 15573.
269
What is the remainder when 1243221153 is divided by 55?
53
What is the remainder when 1049279 is divided by 55216?
175
What is the remainder when 334321 is divided by 333853?
468
What is the remainder when 3126411 is divided by 5?
1
What is the remainder when 703902 is divided by 29329?
6
Calculate the remainder when 7179912 is divided by 6587.
82
Calculate the remainder when 589574 is divided by 589559.
15
What is the remainder when 593373 is divided by 1077?
1023
Calculate the remainder when 29600 is divided by 9814.
158
Calculate the remainder when 610133 is divided by 67787.
50
What is the remainder when 21703030 is divided by 78?
76
What is the remainder when 682731550 is divided by 7256?
7254
Calculate the remainder when 41429459 is divided by 28.
15
Calculate the remainder when 61811426 is divided by 103.
96
Calculate the remainder when 49757461 is divided by 8292908.
13
What is the remainder when 617249 is divided by 102873?
11
What is the remainder when 2579971 is divided by 274?
261
What is the remainder when 174548420 is divided by 823?
819
Calculate the remainder when 160324 is divided by 40067.
56
Calculate the remainder when 117228 is divided by 3529.
771
What is the remainder when 2589344 is divided by 368?
96
Calculate the remainder when 2081774 is divided by 123.
122
Calculate the remainder when 372393 is divided by 74427.
258
What is the remainder when 554222 is divided by 352?
174
Calculate the remainder when 369646108 is divided by 6.
4
What is the remainder when 228437 is divided by 2820?
17
What is the remainder when 38577049 is divided by 4822130?
9
Calculate the remainder when 50463 is divided by 53.
7
Calculate the remainder when 2108860 is divided by 2108728.
132
What is the remainder when 6654389 is divided by 604940?
49
What is the remainder when 5430864 is divided by 1444?
1424
Calculate the remainder when 1289365 is divided by 3122.
3101
What is the remainder when 235125 is divided by 446?
83
Calculate the remainder when 3651444 is divided by 8.
4
What is the remainder when 1329764 is divided by 166216?
36
What is the remainder when 33145121 is divided by 13?
9
Calculate the remainder when 99332900 is divided by 99332899.
1
What is the remainder when 1159058 is divided by 454?
450
Calculate the remainder when 9343226 is divided by 1750.
1726
Calculate the remainder when 1737883 is divided by 3690.
3583
What is the remainder when 58311 is divided by 1023?
0
What is the remainder when 50